{"id":192,"date":"2017-05-15T11:54:56","date_gmt":"2017-05-15T11:54:56","guid":{"rendered":"http:\/\/casa-sabrina.moneysmiler.de\/?page_id=192"},"modified":"2017-07-06T09:04:23","modified_gmt":"2017-07-06T09:04:23","slug":"badezimmer","status":"publish","type":"page","link":"https:\/\/casa-sabrina.moneysmiler.de\/?page_id=192","title":{"rendered":"Badezimmer"},"content":{"rendered":"<p><img loading=\"lazy\" decoding=\"async\" class=\"size-full wp-image-217 alignleft\" src=\"http:\/\/casa-sabrina.moneysmiler.de\/wp-content\/uploads\/2017\/05\/Bad3.jpg\" alt=\"\" width=\"251\" height=\"166\" \/><em><strong>Das Bad ist gro\u00dfz\u00fcgig<\/strong><\/em><br \/>\n<em> <strong>und bietet viel Platz.<\/strong><\/em><\/p>\n<p>Selbstverst\u00e4ndlich haben wir f\u00fcr Sie Handt\u00fccher in ausreichender Menge bereitgelegt.<\/p>\n<p><span style=\"font-size: 1rem;\"><img loading=\"lazy\" decoding=\"async\" class=\"size-full wp-image-215 alignright\" src=\"http:\/\/casa-sabrina.moneysmiler.de\/wp-content\/uploads\/2017\/05\/Bad1.jpg\" alt=\"\" width=\"251\" height=\"166\" \/><\/span><\/p>\n<p>&nbsp;<\/p>\n<p>Unsere Harlekin-Dusche mit 120 cm L\u00e4nge hat viel Platz f\u00fcr Sie und Ihre Utensilien.<\/p>\n<p>&nbsp;<\/p>\n<p>Eine Waschmaschine sowie ein Trockner<br \/>\nunterst\u00fctzt Sie dabei, mit kleinem Gep\u00e4ck zu reisen.<\/p>\n","protected":false},"excerpt":{"rendered":"<p>Das Bad ist gro\u00dfz\u00fcgig und bietet viel Platz. Selbstverst\u00e4ndlich haben wir f\u00fcr Sie Handt\u00fccher in ausreichender Menge bereitgelegt. &nbsp; Unsere Harlekin-Dusche mit 120 cm L\u00e4nge hat viel Platz f\u00fcr Sie und Ihre Utensilien. &nbsp; Eine Waschmaschine sowie ein Trockner unterst\u00fctzt Sie dabei, mit kleinem Gep\u00e4ck zu reisen.<\/p>\n","protected":false},"author":2,"featured_media":193,"parent":0,"menu_order":0,"comment_status":"closed","ping_status":"closed","template":"","meta":{"footnotes":""},"class_list":["post-192","page","type-page","status-publish","has-post-thumbnail","hentry"],"_links":{"self":[{"href":"https:\/\/casa-sabrina.moneysmiler.de\/index.php?rest_route=\/wp\/v2\/pages\/192","targetHints":{"allow":["GET"]}}],"collection":[{"href":"https:\/\/casa-sabrina.moneysmiler.de\/index.php?rest_route=\/wp\/v2\/pages"}],"about":[{"href":"https:\/\/casa-sabrina.moneysmiler.de\/index.php?rest_route=\/wp\/v2\/types\/page"}],"author":[{"embeddable":true,"href":"https:\/\/casa-sabrina.moneysmiler.de\/index.php?rest_route=\/wp\/v2\/users\/2"}],"replies":[{"embeddable":true,"href":"https:\/\/casa-sabrina.moneysmiler.de\/index.php?rest_route=%2Fwp%2Fv2%2Fcomments&post=192"}],"version-history":[{"count":6,"href":"https:\/\/casa-sabrina.moneysmiler.de\/index.php?rest_route=\/wp\/v2\/pages\/192\/revisions"}],"predecessor-version":[{"id":453,"href":"https:\/\/casa-sabrina.moneysmiler.de\/index.php?rest_route=\/wp\/v2\/pages\/192\/revisions\/453"}],"wp:featuredmedia":[{"embeddable":true,"href":"https:\/\/casa-sabrina.moneysmiler.de\/index.php?rest_route=\/wp\/v2\/media\/193"}],"wp:attachment":[{"href":"https:\/\/casa-sabrina.moneysmiler.de\/index.php?rest_route=%2Fwp%2Fv2%2Fmedia&parent=192"}],"curies":[{"name":"wp","href":"https:\/\/api.w.org\/{rel}","templated":true}]}}